emainder when 590 is divided by 120.
110
What is the remainder when 796 is divided by 50?
46
What is the remainder when 447 is divided by 38?
29
Calculate the remainder when 1433 is divided by 16.
9
Calculate the remainder when 1758 is divided by 1746.
12
Calculate the remainder when 274 is divided by 69.
67
What is the remainder when 143 is divided by 24?
23
Calculate the remainder when 120 is divided by 56.
8
Calculate the remainder when 2062 is divided by 86.
84
What is the remainder when 184 is divided by 52?
28
Calculate the remainder when 25439 is divided by 12.
11
Calculate the remainder when 82 is divided by 17.
14
Calculate the remainder when 165 is divided by 72.
21
What is the remainder when 12510 is divided by 4168?
6
Calculate the remainder when 3648 is divided by 50.
48
What is the remainder when 397 is divided by 96?
13
Calculate the remainder when 2677 is divided by 1312.
53
What is the remainder when 148 is divided by 28?
8
Calculate the remainder when 540 is divided by 68.
64
Calculate the remainder when 13087 is divided by 55.
52
Calculate the remainder when 757 is divided by 20.
17
Calculate the remainder when 19 is divided by 11.
8
What is the remainder when 122 is divided by 32?
26
What is the remainder when 865 is divided by 284?
13
What is the remainder when 10402 is divided by 17?
15
What is the remainder when 156 is divided by 7?
2
Calculate the remainder when 141 is divided by 128.
13
What is the remainder when 1156 is divided by 358?
82
What is the remainder when 634 is divided by 25?
9
What is the remainder when 4735 is divided by 128?
127
What is the remainder when 558 is divided by 37?
3
What is the remainder when 1014 is divided by 93?
84
Calculate the remainder when 935 is divided by 422.
91
Calculate the remainder when 1741 is divided by 1713.
28
What is the remainder when 3114 is divided by 25?
14
What is the remainder when 4871 is divided by 106?
101
What is the remainder when 217 is divided by 38?
27
What is the remainder when 268 is divided by 41?
22
What is the remainder when 137 is divided by 134?
3
What is the remainder when 727 is divided by 203?
118
What is the remainder when 182 is divided by 19?
11
What is the remainder when 131 is divided by 68?
63
Calculate the remainder when 75 is divided by 50.
25
Calculate the remainder when 846 is divided by 77.
76
What is the remainder when 552 is divided by 18?
12
Calculate the remainder when 228 is divided by 192.
36
What is the remainder when 621 is divided by 12?
9
Calculate the remainder when 1563 is divided by 29.
26
What is the remainder when 2373 is divided by 1182?
9
What is the remainder when 1050 is divided by 31?
27
What is the remainder when 68 is divided by 3?
2
What is the remainder when 1623 is divided by 5?
3
What is the remainder when 92 is divided by 32?
28
Calculate the remainder when 41 is divided by 16.
9
Calculate the remainder when 379 is divided by 199.
180
Calculate the remainder when 739 is divided by 19.
17
Calculate the remainder when 347 is divided by 40.
27
Calculate the remainder when 5324 is divided by 148.
144
Calculate the remainder when 252 is divided by 109.
34
Calculate the remainder when 1 is divided by 1.
0
Calculate the remainder when 223 is divided by 112.
111
Calculate the remainder when 266 is divided by 21.
14
What is the remainder when 331 is divided by 15?
1
Calculate the remainder when 115 is divided by 39.
37
What is the remainder when 504 is divided by 63?
0
What is the remainder when 151 is divided by 19?
18
What is the remainder when 94 is divided by 32?
30
What is the remainder when 4086 is divided by 44?
38
What is the remainder when 5240 is divided by 82?
74
Calculate the remainder when 75 is divided by 7.
5
What is the remainder when 672 is divided by 171?
159
Calculate the remainder when 805 is divided by 132.
13
Calculate the remainder when 211 is divided by 203.
8
What is the remainder when 641 is divided by 109?
96
Calculate the remainder when 1097 is divided by 31.
12
Calculate the remainder when 233 is divided by 110.
13
Calculate the remainder when 1090 is divided by 26.
24
Calculate the remainder when 96 is divided by 50.
46
What is the remainder when 1636 is divided by 14?
12
What is the remainder when 206 is divided by 66?
8
Calculate the remainder when 682 is divided by 151.
78
Calculate the remainder when 95 is divided by 2.
1
What is the remainder when 5039 is divided by 144?
143
Calculate the remainder when 433 is divided by 123.
64
What is the remainder when 128 is divided by 21?
2
Calculate the remainder when 190 is divided by 48.
46
Calculate the remainder when 110 is divided by 33.
11
Calculate the remainder when 39 is divided by 14.
11
Calculate the remainder when 2755 is divided by 27.
1
Calculate the remainder when 1977 is divided by 55.
52
What is the remainder when 366 is divided by 154?
58
Calculate the remainder when 4 is divided by 2.
0
Calculate the remainder when 6 is divided by 1.
0
Calculate the remainder when 794 is divided by 32.
26
What is the remainder when 181 is divided by 174?
7
What is the remainder when 55903 is divided by 15?
13
Calculate the remainder when 273 is divided by 69.
66
Calculate the remainder when 181 is divided by 46.
43
What is the remainder when 281 is divided by 15?
11
What is the remainder when 36 is divided by 13?
10
Calculate the remainder when 160 is divided by 19.
8
Calculate the remainder when 609 is divided by 207.
195
Calculate the remainder when 175 is divided by 171.
4
What is the remainder when 432 is divided by 88?
80
What is the remainder when 1777 is divided by 84?
13
What is the remainder when 459 is divided by 261?
198
Calculate the remainder when 1017 is divided by 254.
1
Calculate the remainder when 365 is divided by 187.
178
What is the remainder when 205 is divided by 33?
7
What is the remainder when 36313 is divided by 27?
25
Calculate the remainder when 79 is divided by 27.
25
Calculate the remainder when 198 is divided by 34.
28
Calculate the remainder when 163 is divided by 26.
7
Calculate the remainder when 207 is divided by 48.
15
What is the remainder when 916 is divided by 32?
20
What is the remainder when 834 is divided by 276?
6
Calculate the remainder when 75 is divided by 20.
15
Calculate the remainder when 997 is divided by 111.
109
Calculate the remainder when 21 is divided by 2.
1
Calculate the remainder when 54 is divided by 19.
16
Calculate the remainder when 1678 is divided by 14.
12
What is the remainder when 1405 is divided by 6?
1
What is the remainder when 441 is divided by 15?
6
Calculate the remainder when 453 is divided by 38.
35
Calculate the remainder when 384 is divided by 64.
0
Calculate the remainder when 1559 is divided by 775.
9
What is the remainder when 267 is divided by 42?
15
What is the remainder when 342 is divided by 54?
18
Calculate the remainder when 327 is divided by 96.
39
What is the remainder when 1228 is divided by 10?
8
Calculate the remainder when 608 is divided by 17.
13
What is the remainder when 2344 is divided by 1168?
8
What is the remainder when 204 is divided by 96?
12
What is the remainder when 7480 is divided by 64?
56
What is the remainder when 215 is divided by 95?
25
Calculate the remainder when 826 is divided by 24.
10
Calculate the remainder when 81 is divided by 19.
5
What is the remainder when 67 is divided by 30?
7
What is the remainder when 1277 is divided by 16?
13
Calculate the remainder when 285 is divided by 274.
11
What is the remainder when 11977 is divided by 27?
16
What is the remainder when 212 is divided by 29?
9
What is the remainder when 1383 is divided by 21?
18
Calculate the remainder when 903 is divided by 90.
3
What is the remainder when 1577 is divided by 10?
7
Calculate the remainder when 201 is divided by 16.
9
Calculate the remainder when 50 is divided by 14.
8
What is the remainder when 64 is divided by 3?
1
What is the remainder when 168 is divided by 53?
9
What is the remainder when 11741 is divided by 38?
37
What is the remainder when 99 is divided by 10?
9
Calculate the remainder when 253 is divided by 52.
45
What is the remainder when 2682 is divided by 117?
108
Calculate the remainder when 235 is divided by 11.
4
Calculate the remai